{"id":2614,"date":"2017-08-11T12:57:33","date_gmt":"2017-08-11T11:57:33","guid":{"rendered":"http:\/\/www.coteauxdublanzacais.fr\/?page_id=2614"},"modified":"2024-02-20T07:27:02","modified_gmt":"2024-02-20T06:27:02","slug":"marche-foire","status":"publish","type":"page","link":"https:\/\/www.coteauxdublanzacais.fr\/?page_id=2614","title":{"rendered":"March\u00e9 hebdomadaire"},"content":{"rendered":"<h1 style=\"text-align: center;\"><span style=\"font-family: Arial,Helvetica,sans-serif;\"><strong><img loading=\"lazy\" decoding=\"async\" class=\"wp-image-2975 alignleft\" src=\"http:\/\/www.coteauxdublanzacais.fr\/wp-content\/uploads\/2017\/08\/march\u00e9.jpg\" alt=\"\" width=\"275\" height=\"206\"><\/strong><\/span><\/h1>\n<h1><span style=\"font-family: Arial,Helvetica,sans-serif;\"><span style=\"font-size: 14pt;\">Un march\u00e9 se tient tous les vendredis matins Place Saint Arth\u00e9my. <\/span><\/span><span style=\"font-family: Arial,Helvetica,sans-serif;\"><span style=\"font-size: 14pt;\">Actuellement, les commer\u00e7ants suivants sont pr\u00e9sents r\u00e9guli\u00e8rement : mara\u00eecher, boucher-traiteur <\/span><span style=\"font-size: 14pt;\">, biscuiterie artisanale, poissonnerie,<\/span><span style=\"font-size: 14pt;\"> apiculteur et vendeur de vins ainsi qu&rsquo;un r\u00e9mouleur.<\/span><\/span><\/h1>\n<h1><span style=\"font-family: Arial, Helvetica, sans-serif; font-size: 14pt; color: #0da843;\"><strong>Votre march\u00e9 devient \u00ab Foire \u00bb<\/strong><\/span><span style=\"font-family: Arial, Helvetica, sans-serif; font-size: 14pt; color: #0da843;\"><strong>, tous les 3\u00e8mes vendredis du mois notre march\u00e9 s\u2019agrandit avec des commer\u00e7ants suppl\u00e9mentaires. Venez nombreux les d\u00e9couvrir.<\/strong><\/span><\/h1>\n\n<table id=\"tablepress-25\" class=\"tablepress tablepress-id-25\">\n<tbody class=\"row-striping row-hover\">\n<tr class=\"row-1\">\n\t<td class=\"column-1\">Mara\u00eecher<br \/>\nM GONZALES<br \/>\n<a href=\"mailto:emeline.jeammy@gmail.com\" rel=\"noopener noreferrer\" target=\"_blank\">emeline.jeammy@gmail.com<\/a><\/td><td class=\"column-2\">Tous les vendredis<br \/>\n06.40.99.52.23<br \/>\n<\/td>\n<\/tr>\n<tr class=\"row-2\">\n\t<td class=\"column-1\">Apiculteur<br \/>\nM PINEAU<\/td><td class=\"column-2\">Tous les vendredis<br \/>\n06.99.93.26.34<\/td>\n<\/tr>\n<tr class=\"row-3\">\n\t<td class=\"column-1\">Boucher-Charcutier -Traiteur<br \/>\nM CRASSAC<br \/>\n<a href=\"mailto:jeanmi.crassac@gmail.com\" rel=\"noopener noreferrer\" target=\"_blank\">jeanmi.crassac@gmail.com<\/a><\/td><td class=\"column-2\">Tous les vendredis<br \/>\n06.13.08.42.71<br \/>\n<\/td>\n<\/tr>\n<tr class=\"row-4\">\n\t<td class=\"column-1\">Pr\u00e9paration de morue<br \/>\nLa morue de Mamie<br \/>\n<a href=\"mailto:vivianrenaud@hotmail.fr\" rel=\"noopener noreferrer\" target=\"_blank\">vivianrenaud@hotmail.fr<\/a><br \/>\n<br \/>\n<\/td><td class=\"column-2\">Un vendredi par mois<br \/>\n06.80.60.15.61<br \/>\n06.80.15.24.95<\/td>\n<\/tr>\n<tr class=\"row-5\">\n\t<td class=\"column-1\">R\u00e9mouleur<br \/>\nM ARDOUIN<br \/>\n16320 Gardes le Pontaroux<br \/>\n<a href=\"mailto:francois.leremouleur@orange.fr\" rel=\"noopener noreferrer\" target=\"_blank\">francois.leremouleur@orange.fr<\/a><\/td><td class=\"column-2\">En fonction de ses disponibilit\u00e9s<br \/>\n05.45.64.78.57<\/td>\n<\/tr>\n<tr class=\"row-6\">\n\t<td class=\"column-1\">Vins de femme<br \/>\n<a href=\"mailto:celinecahier@orange.fr\" rel=\"noopener noreferrer\" target=\"_blank\">celinecahier@orange.fr<\/a><br \/>\n<\/td><td class=\"column-2\">Tous les 15 jours<br \/>\n06.08.23.76.59<br \/>\n06.26.54.25.73<\/td>\n<\/tr>\n<tr class=\"row-7\">\n\t<td class=\"column-1\">Biscuiterie<br \/>\nLevain Lov\u00e9<br \/>\n<a href=\"mailto:boulangerie.levainlove@gmail.com\" rel=\"noopener noreferrer\" target=\"_blank\">boulangerie.levainlove@gmail.com<\/a><\/td><td class=\"column-2\">Tous les vendredis<br \/>\n06 61 26 87 86<\/td>\n<\/tr>\n<\/tbody>\n<\/table>\n<!-- #tablepress-25 from cache -->\n<p>&nbsp;<\/p>\n<p style=\"text-align: left;\"><span style=\"color: #0da843; font-family: Arial, Helvetica, sans-serif;\"><span style=\"font-size: 14pt;\"><strong>Nous continuons de rechercher des commer\u00e7ants pour \u00e9toffer notre march\u00e9 hebdomadaire, si <\/strong><\/span><strong><span style=\"font-size: 14pt;\">vous connaissez des commer\u00e7ants qui pourraient \u00eatre i<\/span><span style=\"font-size: 14pt;\">nt\u00e9ress\u00e9s, n&rsquo;h\u00e9sitez pas \u00e0 leur communiquer les <\/span><\/strong><strong><span style=\"font-size: 14pt;\">coordonn\u00e9es de la mairie.<\/span><\/strong><\/span><\/p>\n<p style=\"text-align: left;\"><span style=\"color: #ff6600; font-family: Arial,Helvetica,sans-serif; font-size: 14pt;\"><strong><img loading=\"lazy\" decoding=\"async\" class=\"size-medium wp-image-2986 aligncenter\" src=\"http:\/\/www.coteauxdublanzacais.fr\/wp-content\/uploads\/2017\/08\/legumes-1-300x145.png\" alt=\"\" width=\"300\" height=\"145\" srcset=\"https:\/\/www.coteauxdublanzacais.fr\/wp-content\/uploads\/2017\/08\/legumes-1-300x145.png 300w, https:\/\/www.coteauxdublanzacais.fr\/wp-content\/uploads\/2017\/08\/legumes-1-600x291.png 600w, https:\/\/www.coteauxdublanzacais.fr\/wp-content\/uploads\/2017\/08\/legumes-1.png 739w\" sizes=\"auto, (max-width: 300px) 100vw, 300px\" \/><\/strong><\/span><\/p>\n","protected":false},"excerpt":{"rendered":"<p>Un march\u00e9 se tient tous les vendredis matins Place Saint Arth\u00e9my. Actuellement, les commer\u00e7ants suivants sont pr\u00e9sents r\u00e9guli\u00e8rement : mara\u00eecher, boucher-traiteur , biscuiterie artisanale, poissonnerie, apiculteur et vendeur de vins ainsi qu&rsquo;un r\u00e9mouleur. Votre march\u00e9 devient \u00ab Foire \u00bb, tous<\/p>\n","protected":false},"author":1,"featured_media":0,"parent":0,"menu_order":0,"comment_status":"closed","ping_status":"closed","template":"","meta":{"ngg_post_thumbnail":0,"footnotes":""},"class_list":["post-2614","page","type-page","status-publish","hentry"],"_links":{"self":[{"href":"https:\/\/www.coteauxdublanzacais.fr\/index.php?rest_route=\/wp\/v2\/pages\/2614","targetHints":{"allow":["GET"]}}],"collection":[{"href":"https:\/\/www.coteauxdublanzacais.fr\/index.php?rest_route=\/wp\/v2\/pages"}],"about":[{"href":"https:\/\/www.coteauxdublanzacais.fr\/index.php?rest_route=\/wp\/v2\/types\/page"}],"author":[{"embeddable":true,"href":"https:\/\/www.coteauxdublanzacais.fr\/index.php?rest_route=\/wp\/v2\/users\/1"}],"replies":[{"embeddable":true,"href":"https:\/\/www.coteauxdublanzacais.fr\/index.php?rest_route=%2Fwp%2Fv2%2Fcomments&post=2614"}],"version-history":[{"count":22,"href":"https:\/\/www.coteauxdublanzacais.fr\/index.php?rest_route=\/wp\/v2\/pages\/2614\/revisions"}],"predecessor-version":[{"id":11085,"href":"https:\/\/www.coteauxdublanzacais.fr\/index.php?rest_route=\/wp\/v2\/pages\/2614\/revisions\/11085"}],"wp:attachment":[{"href":"https:\/\/www.coteauxdublanzacais.fr\/index.php?rest_route=%2Fwp%2Fv2%2Fmedia&parent=2614"}],"curies":[{"name":"wp","href":"https:\/\/api.w.org\/{rel}","templated":true}]}}