{"id":2665,"date":"2017-08-11T13:17:46","date_gmt":"2017-08-11T12:17:46","guid":{"rendered":"http:\/\/www.coteauxdublanzacais.fr\/?page_id=2665"},"modified":"2018-04-24T06:55:55","modified_gmt":"2018-04-24T05:55:55","slug":"revision-plu","status":"publish","type":"page","link":"https:\/\/www.coteauxdublanzacais.fr\/?page_id=2665","title":{"rendered":"R\u00e9vision du PLU"},"content":{"rendered":"<p><span style=\"font-family: Arial,Helvetica,sans-serif; font-size: 14pt;\">En 2017, les \u00e9lus ont d\u00e9cid\u00e9 de prescrire la r\u00e9vision du Plan Local d\u2019Urbanisme afin de pouvoir modifier le document existant et de l\u2019\u00e9<\/span><\/p>\n<p><span style=\"font-family: Arial,Helvetica,sans-serif;\"><img loading=\"lazy\" decoding=\"async\" width=\"259\" height=\"194\" class=\"size-full wp-image-3351 alignright\" alt=\"\" src=\"http:\/\/www.coteauxdublanzacais.fr\/wp-content\/uploads\/2017\/08\/plu.jpg\"><\/span><\/p>\n<p><span style=\"font-family: Arial,Helvetica,sans-serif; font-size: 14pt;\">tendre au territoire de la Commune d\u00e9l\u00e9gu\u00e9e de Cressac Saint Genis.<\/span><\/p>\n<p><span style=\"font-family: Arial,Helvetica,sans-serif; font-size: 14pt;\">Un comit\u00e9 de pilotage est en cours de cr\u00e9ation, il sera compos\u00e9 d\u2019\u00e9lus, de personnes publiques associ\u00e9es et d\u2019administr\u00e9s.<\/span><\/p>\n<p><span style=\"font-family: Arial,Helvetica,sans-serif; font-size: 14pt;\">Si vous souhaitez participer \u00e0 l\u2019\u00e9laboration de celui-ci, vous pouvez contacter le secr\u00e9tariat de la mairie.<\/span><\/p>\n<p>&nbsp;<\/p>\n<p><span style=\"color: #0da843; font-family: Arial,Helvetica,sans-serif; font-size: 14pt;\">Membres du Comit\u00e9 de pilotage:<\/span><\/p>\n\n<table id=\"tablepress-28\" class=\"tablepress tablepress-id-28\">\n<tbody class=\"row-hover\">\n<tr class=\"row-1\">\n\t<td class=\"column-1\">M SALLEE Jean-Philippe<\/td><td class=\"column-2\">M PAURION Jean-Fran\u00e7ois<br \/>\n<\/td>\n<\/tr>\n<tr class=\"row-2\">\n\t<td class=\"column-1\">M MAUGET Bernard<\/td><td class=\"column-2\">M MANSIERE Francis<\/td>\n<\/tr>\n<tr class=\"row-3\">\n\t<td class=\"column-1\">M GALLAIS Denis<\/td><td class=\"column-2\">M MONTIGAUD Jacques <br \/>\n<\/td>\n<\/tr>\n<tr class=\"row-4\">\n\t<td class=\"column-1\">Mme GRENOT Marie-Pierre<\/td><td class=\"column-2\">M FAURE Andr\u00e9<\/td>\n<\/tr>\n<tr class=\"row-5\">\n\t<td class=\"column-1\">M BRANGIER Jacky<\/td><td class=\"column-2\">M DEMOURES Arnaud<\/td>\n<\/tr>\n<tr class=\"row-6\">\n\t<td class=\"column-1\">M LABROUSSE Patrick<\/td><td class=\"column-2\"><\/td>\n<\/tr>\n<tr class=\"row-7\">\n\t<td class=\"column-1\">M LHOMME Serge<\/td><td class=\"column-2\"><br \/>\n<\/td>\n<\/tr>\n<\/tbody>\n<\/table>\n<!-- #tablepress-28 from cache -->\n","protected":false},"excerpt":{"rendered":"<p>En 2017, les \u00e9lus ont d\u00e9cid\u00e9 de prescrire la r\u00e9vision du Plan Local d\u2019Urbanisme afin de pouvoir modifier le document existant et de l\u2019\u00e9 tendre au territoire de la Commune d\u00e9l\u00e9gu\u00e9e de Cressac Saint Genis. Un comit\u00e9 de pilotage est<\/p>\n","protected":false},"author":1,"featured_media":0,"parent":0,"menu_order":0,"comment_status":"closed","ping_status":"closed","template":"","meta":{"ngg_post_thumbnail":0,"footnotes":""},"class_list":["post-2665","page","type-page","status-publish","hentry"],"_links":{"self":[{"href":"https:\/\/www.coteauxdublanzacais.fr\/index.php?rest_route=\/wp\/v2\/pages\/2665","targetHints":{"allow":["GET"]}}],"collection":[{"href":"https:\/\/www.coteauxdublanzacais.fr\/index.php?rest_route=\/wp\/v2\/pages"}],"about":[{"href":"https:\/\/www.coteauxdublanzacais.fr\/index.php?rest_route=\/wp\/v2\/types\/page"}],"author":[{"embeddable":true,"href":"https:\/\/www.coteauxdublanzacais.fr\/index.php?rest_route=\/wp\/v2\/users\/1"}],"replies":[{"embeddable":true,"href":"https:\/\/www.coteauxdublanzacais.fr\/index.php?rest_route=%2Fwp%2Fv2%2Fcomments&post=2665"}],"version-history":[{"count":8,"href":"https:\/\/www.coteauxdublanzacais.fr\/index.php?rest_route=\/wp\/v2\/pages\/2665\/revisions"}],"predecessor-version":[{"id":4700,"href":"https:\/\/www.coteauxdublanzacais.fr\/index.php?rest_route=\/wp\/v2\/pages\/2665\/revisions\/4700"}],"wp:attachment":[{"href":"https:\/\/www.coteauxdublanzacais.fr\/index.php?rest_route=%2Fwp%2Fv2%2Fmedia&parent=2665"}],"curies":[{"name":"wp","href":"https:\/\/api.w.org\/{rel}","templated":true}]}}

Révision du PLU

<p><span style="font-family: Arial,Helvetica,sans-serif; font-size: 14pt;">En 2017, les élus ont décidé de prescrire la révision du Plan Local d’Urbanisme afin de pouvoir modifier le document existant et de l’é</span></p>
<p><span style="font-family: Arial,Helvetica,sans-serif;"><img loading="lazy" decoding="async" width="259" height="194" class="size-full wp-image-3351 alignright" alt="" src="http://www.coteauxdublanzacais.fr/wp-content/uploads/2017/08/plu.jpg"></span></p>
<p><span style="font-family: Arial,Helvetica,sans-serif; font-size: 14pt;">tendre au territoire de la Commune déléguée de Cressac Saint Genis.</span></p>
<p><span style="font-family: Arial,Helvetica,sans-serif; font-size: 14pt;">Un comité de pilotage est en cours de création, il sera composé d’élus, de personnes publiques associées et d’administrés.</span></p>
<p><span style="font-family: Arial,Helvetica,sans-serif; font-size: 14pt;">Si vous souhaitez participer à l’élaboration de celui-ci, vous pouvez contacter le secrétariat de la mairie.</span></p>
<p>&nbsp;</p>
<p><span style="color: #0da843; font-family: Arial,Helvetica,sans-serif; font-size: 14pt;">Membres du Comité de pilotage:</span></p>

<table id="tablepress-28" class="tablepress tablepress-id-28">
<tbody class="row-hover">
<tr class="row-1">
	<td class="column-1">M SALLEE Jean-Philippe</td><td class="column-2">M PAURION Jean-François<br />
</td>
</tr>
<tr class="row-2">
	<td class="column-1">M MAUGET Bernard</td><td class="column-2">M MANSIERE Francis</td>
</tr>
<tr class="row-3">
	<td class="column-1">M GALLAIS Denis</td><td class="column-2">M MONTIGAUD Jacques <br />
</td>
</tr>
<tr class="row-4">
	<td class="column-1">Mme GRENOT Marie-Pierre</td><td class="column-2">M FAURE André</td>
</tr>
<tr class="row-5">
	<td class="column-1">M BRANGIER Jacky</td><td class="column-2">M DEMOURES Arnaud</td>
</tr>
<tr class="row-6">
	<td class="column-1">M LABROUSSE Patrick</td><td class="column-2"></td>
</tr>
<tr class="row-7">
	<td class="column-1">M LHOMME Serge</td><td class="column-2"><br />
</td>
</tr>
</tbody>
</table>
<!-- #tablepress-28 from cache -->

<p>En 2017, les élus ont décidé de prescrire la révision du Plan Local d’Urbanisme afin de pouvoir modifier le document existant et de l’é tendre au territoire de la Commune déléguée de Cressac Saint Genis. Un comité de pilotage est</p>
