{"id":2768,"date":"2017-09-13T14:21:13","date_gmt":"2017-09-13T13:21:13","guid":{"rendered":"http:\/\/www.coteauxdublanzacais.fr\/?page_id=2768"},"modified":"2020-09-07T05:05:56","modified_gmt":"2020-09-07T04:05:56","slug":"terre-saine","status":"publish","type":"page","link":"https:\/\/www.coteauxdublanzacais.fr\/?page_id=2768","title":{"rendered":"Terre Saine"},"content":{"rendered":"<p><span style=\"font-family: Arial,Helvetica,sans-serif; font-size: 14pt;\"><img loading=\"lazy\" decoding=\"async\" class=\"wp-image-2769 alignright\" src=\"http:\/\/www.coteauxdublanzacais.fr\/wp-content\/uploads\/2017\/09\/papillon.png\" alt=\"\" width=\"45\" height=\"57\"><\/span><\/p>\n<h1 style=\"text-align: center;\"><span style=\"font-family: Arial,Helvetica,sans-serif;\">Coteaux-du-Blanzacais \u00ab Terre Saine, 4 papillons \u00bb<\/span><\/h1>\n<p><span style=\"font-family: Arial,Helvetica,sans-serif; font-size: 14pt;\">Sensibilis\u00e9s aux impacts des herbicides et pesticides sur la sant\u00e9 et sur l\u2019environnement, <\/span><span style=\"font-family: Arial, Helvetica, sans-serif; font-size: 14pt;\">les \u00e9lus de Coteaux-du-<\/span><span style=\"font-family: Arial,Helvetica,sans-serif; font-size: 14pt;\"><img loading=\"lazy\" decoding=\"async\" class=\"wp-image-2769 alignright\" src=\"http:\/\/www.coteauxdublanzacais.fr\/wp-content\/uploads\/2017\/09\/papillon.png\" alt=\"\" width=\"67\" height=\"85\"><\/span><\/p>\n<p><span style=\"font-family: Arial,Helvetica,sans-serif; font-size: 14pt;\"> Blanzacais ont d\u00e9cid\u00e9 d\u2019agir et d&rsquo;abandonner, leur utilisation sur les espaces publics. La commune s\u2019est <\/span><span style=\"font-family: Arial,Helvetica,sans-serif;\"><span style=\"font-size: 14pt;\">engag\u00e9e dans une d\u00e9marche collective avec la mise en place de la Charte \u00ab&nbsp;Terre Saine&nbsp;\u00bb <\/span><span style=\"font-size: 14pt;\">Poitou-Charentes <\/span><span style=\"font-size: 14pt;\">\u00ab\u00a0Votre commune sans pesticide\u00a0\u00bb.<\/span><\/span><\/p>\n<p><span style=\"font-family: Arial,Helvetica,sans-serif; font-size: 14pt;\">Cette Charte a pour objectifs :<\/span><span style=\"font-family: Arial,Helvetica,sans-serif; font-size: 14pt;\"><img loading=\"lazy\" decoding=\"async\" class=\"wp-image-2769 alignright\" src=\"http:\/\/www.coteauxdublanzacais.fr\/wp-content\/uploads\/2017\/09\/papillon.png\" alt=\"\" width=\"80\" height=\"102\"><\/span><\/p>\n<p><span style=\"font-family: Arial,Helvetica,sans-serif;\"><span style=\"font-size: 14pt;\">La protection de la sant\u00e9 publique, notamment pour celle des agents utilisant ces produits et des habitants de la <\/span><span style=\"font-size: 14pt;\">commune.<\/span><\/span><\/p>\n<p><span style=\"font-family: Arial,Helvetica,sans-serif;\"><span style=\"font-size: 14pt;\">La protection de l\u2019environnement, notamment les ressources <\/span><span style=\"font-size: 14pt;\">naturelles et de la biodiversit\u00e9.<\/span><\/span><\/p>\n<p><span style=\"font-family: Arial,Helvetica,sans-serif; font-size: 14pt;\">L\u2019objectif d\u2019aller vers une d\u00e9marche \u00ab\u00a0z\u00e9ro pesticide\u00a0\u00bb dans les espaces publics communaux.<\/span><\/p>\n<p><span style=\"font-family: Arial,Helvetica,sans-serif; font-size: 14pt;\">La promotion des m\u00e9thodes alternatives.<\/span><\/p>\n<p><span style=\"font-family: Arial,Helvetica,sans-serif; font-size: 14pt;\"><img loading=\"lazy\" decoding=\"async\" class=\"wp-image-2769 alignright\" src=\"http:\/\/www.coteauxdublanzacais.fr\/wp-content\/uploads\/2017\/09\/papillon.png\" alt=\"\" width=\"99\" height=\"126\"><\/span><\/p>\n<p><span style=\"font-family: Arial,Helvetica,sans-serif; font-size: 14pt;\"><strong><span style=\"color: #000000;\">Vous aussi vous pouvez agir pour l\u2019avenir :<\/span><\/strong><\/span><\/p>\n<p><span style=\"font-family: Arial,Helvetica,sans-serif; font-size: 14pt;\"><strong><span style=\"color: #000000;\">En effectuant vous-m\u00eame l\u2019entretien \u00e9cologique du trottoir devant votre maison, gr\u00e2ce au fleurissement des pieds de murs, d\u00e9sherbage manuel, usage d\u2019une binette, utilisation de l\u2019eau chaude de cuisson, etc.., &nbsp;sans d\u00e9sherbant bien entendu !<\/span><\/strong><\/span><\/p>\n<p><span style=\"font-family: Arial,Helvetica,sans-serif; font-size: 14pt;\"><strong><span style=\"color: #000000;\">En r\u00e9duisant ou supprimant l\u2019usage des pesticides dans votre jardin (pelouses, terrasses, massifs fleuris ou potagers). Un guide-conseil est disponible sur le site de la Charte Terre saine: :<\/span><\/strong><\/span><\/p>\n<p><span style=\"color: #0da843; font-family: Arial,Helvetica,sans-serif; font-size: 14pt;\"><a href=\"http:\/\/www.terresaine-poitou-charentes.fr\/\" target=\"_blank\" rel=\"noopener noreferrer\"><strong>http:\/\/http\/\/www.terresaine-poitou-charentes<\/strong><\/a><\/span><\/p>\n","protected":false},"excerpt":{"rendered":"<p>Coteaux-du-Blanzacais \u00ab Terre Saine, 4 papillons \u00bb Sensibilis\u00e9s aux impacts des herbicides et pesticides sur la sant\u00e9 et sur l\u2019environnement, les \u00e9lus de Coteaux-du- Blanzacais ont d\u00e9cid\u00e9 d\u2019agir et d&rsquo;abandonner, leur utilisation sur les espaces publics. La commune s\u2019est engag\u00e9e<\/p>\n","protected":false},"author":4,"featured_media":0,"parent":0,"menu_order":0,"comment_status":"closed","ping_status":"closed","template":"","meta":{"ngg_post_thumbnail":0,"footnotes":""},"class_list":["post-2768","page","type-page","status-publish","hentry"],"_links":{"self":[{"href":"https:\/\/www.coteauxdublanzacais.fr\/index.php?rest_route=\/wp\/v2\/pages\/2768","targetHints":{"allow":["GET"]}}],"collection":[{"href":"https:\/\/www.coteauxdublanzacais.fr\/index.php?rest_route=\/wp\/v2\/pages"}],"about":[{"href":"https:\/\/www.coteauxdublanzacais.fr\/index.php?rest_route=\/wp\/v2\/types\/page"}],"author":[{"embeddable":true,"href":"https:\/\/www.coteauxdublanzacais.fr\/index.php?rest_route=\/wp\/v2\/users\/4"}],"replies":[{"embeddable":true,"href":"https:\/\/www.coteauxdublanzacais.fr\/index.php?rest_route=%2Fwp%2Fv2%2Fcomments&post=2768"}],"version-history":[{"count":13,"href":"https:\/\/www.coteauxdublanzacais.fr\/index.php?rest_route=\/wp\/v2\/pages\/2768\/revisions"}],"predecessor-version":[{"id":7938,"href":"https:\/\/www.coteauxdublanzacais.fr\/index.php?rest_route=\/wp\/v2\/pages\/2768\/revisions\/7938"}],"wp:attachment":[{"href":"https:\/\/www.coteauxdublanzacais.fr\/index.php?rest_route=%2Fwp%2Fv2%2Fmedia&parent=2768"}],"curies":[{"name":"wp","href":"https:\/\/api.w.org\/{rel}","templated":true}]}}

<p><span style="font-family: Arial,Helvetica,sans-serif; font-size: 14pt;"><img loading="lazy" decoding="async" class="wp-image-2769 alignright" src="http://www.coteauxdublanzacais.fr/wp-content/uploads/2017/09/papillon.png" alt="" width="45" height="57"></span></p>
<h1 style="text-align: center;"><span style="font-family: Arial,Helvetica,sans-serif;">Coteaux-du-Blanzacais « Terre Saine, 4 papillons »</span></h1>
<p><span style="font-family: Arial,Helvetica,sans-serif; font-size: 14pt;">Sensibilisés aux impacts des herbicides et pesticides sur la santé et sur l’environnement, </span><span style="font-family: Arial, Helvetica, sans-serif; font-size: 14pt;">les élus de Coteaux-du-</span><span style="font-family: Arial,Helvetica,sans-serif; font-size: 14pt;"><img loading="lazy" decoding="async" class="wp-image-2769 alignright" src="http://www.coteauxdublanzacais.fr/wp-content/uploads/2017/09/papillon.png" alt="" width="67" height="85"></span></p>
<p><span style="font-family: Arial,Helvetica,sans-serif; font-size: 14pt;"> Blanzacais ont décidé d’agir et d&rsquo;abandonner, leur utilisation sur les espaces publics. La commune s’est </span><span style="font-family: Arial,Helvetica,sans-serif;"><span style="font-size: 14pt;">engagée dans une démarche collective avec la mise en place de la Charte «&nbsp;Terre Saine&nbsp;» </span><span style="font-size: 14pt;">Poitou-Charentes </span><span style="font-size: 14pt;">« Votre commune sans pesticide ».</span></span></p>
<p><span style="font-family: Arial,Helvetica,sans-serif; font-size: 14pt;">Cette Charte a pour objectifs :</span><span style="font-family: Arial,Helvetica,sans-serif; font-size: 14pt;"><img loading="lazy" decoding="async" class="wp-image-2769 alignright" src="http://www.coteauxdublanzacais.fr/wp-content/uploads/2017/09/papillon.png" alt="" width="80" height="102"></span></p>
<p><span style="font-family: Arial,Helvetica,sans-serif;"><span style="font-size: 14pt;">La protection de la santé publique, notamment pour celle des agents utilisant ces produits et des habitants de la </span><span style="font-size: 14pt;">commune.</span></span></p>
<p><span style="font-family: Arial,Helvetica,sans-serif;"><span style="font-size: 14pt;">La protection de l’environnement, notamment les ressources </span><span style="font-size: 14pt;">naturelles et de la biodiversité.</span></span></p>
<p><span style="font-family: Arial,Helvetica,sans-serif; font-size: 14pt;">L’objectif d’aller vers une démarche « zéro pesticide » dans les espaces publics communaux.</span></p>
<p><span style="font-family: Arial,Helvetica,sans-serif; font-size: 14pt;">La promotion des méthodes alternatives.</span></p>
<p><span style="font-family: Arial,Helvetica,sans-serif; font-size: 14pt;"><img loading="lazy" decoding="async" class="wp-image-2769 alignright" src="http://www.coteauxdublanzacais.fr/wp-content/uploads/2017/09/papillon.png" alt="" width="99" height="126"></span></p>
<p><span style="font-family: Arial,Helvetica,sans-serif; font-size: 14pt;"><strong><span style="color: #000000;">Vous aussi vous pouvez agir pour l’avenir :</span></strong></span></p>
<p><span style="font-family: Arial,Helvetica,sans-serif; font-size: 14pt;"><strong><span style="color: #000000;">En effectuant vous-même l’entretien écologique du trottoir devant votre maison, grâce au fleurissement des pieds de murs, désherbage manuel, usage d’une binette, utilisation de l’eau chaude de cuisson, etc.., &nbsp;sans désherbant bien entendu !</span></strong></span></p>
<p><span style="font-family: Arial,Helvetica,sans-serif; font-size: 14pt;"><strong><span style="color: #000000;">En réduisant ou supprimant l’usage des pesticides dans votre jardin (pelouses, terrasses, massifs fleuris ou potagers). Un guide-conseil est disponible sur le site de la Charte Terre saine: :</span></strong></span></p>
<p><span style="color: #0da843; font-family: Arial,Helvetica,sans-serif; font-size: 14pt;"><a href="http://www.terresaine-poitou-charentes.fr/" target="_blank" rel="noopener noreferrer"><strong>http://http//www.terresaine-poitou-charentes</strong></a></span></p>

<p>Coteaux-du-Blanzacais « Terre Saine, 4 papillons » Sensibilisés aux impacts des herbicides et pesticides sur la santé et sur l’environnement, les élus de Coteaux-du- Blanzacais ont décidé d’agir et d&rsquo;abandonner, leur utilisation sur les espaces publics. La commune s’est engagée</p>
