{"id":3176,"date":"2017-09-18T22:41:55","date_gmt":"2017-09-18T21:41:55","guid":{"rendered":"http:\/\/www.coteauxdublanzacais.fr\/?page_id=3176"},"modified":"2017-10-06T10:52:00","modified_gmt":"2017-10-06T09:52:00","slug":"lieu-daccueil-enfants-parents","status":"publish","type":"page","link":"https:\/\/www.coteauxdublanzacais.fr\/?page_id=3176","title":{"rendered":"Lieu d&rsquo;Accueil Enfants Parents"},"content":{"rendered":"<h1 style=\"text-align: center;\"><span style=\"font-family: Arial,Helvetica,sans-serif;\"><img loading=\"lazy\" decoding=\"async\" class=\" wp-image-3177 alignleft\" src=\"http:\/\/www.coteauxdublanzacais.fr\/wp-content\/uploads\/2017\/09\/laep.png\" alt=\"\" width=\"276\" height=\"307\"><\/span><\/h1>\n<p>&nbsp;<\/p>\n<p>&nbsp;<\/p>\n<p><span style=\"font-family: Arial,Helvetica,sans-serif; font-size: 14pt;\">Le LAEP itin\u00e9rant ouvert en mai 2008 sur le territoire de la CDC s&rsquo;est agrandit avec un accueil mis en place depuis octobre 2016 \u00e0 la Cr\u00e8che \u00ab C\u00e2lin Malin \u00bb tous les lundis matins de 9h30 \u00e0 11h30.<\/span><\/p>\n<p><span style=\"font-family: Arial,Helvetica,sans-serif; font-size: 14pt;\">Ce service s\u2019adresse aux parents et futurs parents, grands parents d\u2019enfants de 0 \u00e0 6 ans, il est ouvert \u00e0 tous, gratuit et anonyme.<\/span><\/p>\n<p>&nbsp;<\/p>\n<p><span style=\"font-family: Arial,Helvetica,sans-serif; font-size: 14pt;\">Le LAEP est un espace de parole, d\u2019\u00e9changes et de r\u00e9assurance de la fonction parentale. Il fonctionne en dehors de toute vis\u00e9e th\u00e9rapeutique. <\/span><\/p>\n<p>&nbsp;<\/p>\n<p><span style=\"font-family: Arial,Helvetica,sans-serif; font-size: 14pt;\">Ses missions sont :<\/span><br \/>\n<span style=\"font-family: Arial,Helvetica,sans-serif; font-size: 14pt;\"> &#8211; Conforter la relation enfant-parent, l\u2019ouvrir en lien social et pr\u00e9parer l\u2019autonomie de l\u2019enfant,<\/span><br \/>\n<span style=\"font-family: Arial,Helvetica,sans-serif; font-size: 14pt;\"> &#8211; Valoriser les comp\u00e9tences et l\u2019\u00e9panouissement des enfants et des adultes,<\/span><br \/>\n<span style=\"font-family: Arial,Helvetica,sans-serif; font-size: 14pt;\"> &#8211; Rompre l\u2019isolement social et d\u00e9velopper la mixit\u00e9 sociale,<\/span><br \/>\n<span style=\"font-family: Arial,Helvetica,sans-serif; font-size: 14pt;\"> &#8211; Pr\u00e9venir les difficult\u00e9s relationnelles au sein de la famille.<\/span><\/p>\n","protected":false},"excerpt":{"rendered":"<p>&nbsp; &nbsp; Le LAEP itin\u00e9rant ouvert en mai 2008 sur le territoire de la CDC s&rsquo;est agrandit avec un accueil mis en place depuis octobre 2016 \u00e0 la Cr\u00e8che \u00ab C\u00e2lin Malin \u00bb tous les lundis matins de 9h30 \u00e0<\/p>\n","protected":false},"author":4,"featured_media":0,"parent":0,"menu_order":0,"comment_status":"closed","ping_status":"closed","template":"","meta":{"ngg_post_thumbnail":0,"footnotes":""},"class_list":["post-3176","page","type-page","status-publish","hentry"],"_links":{"self":[{"href":"https:\/\/www.coteauxdublanzacais.fr\/index.php?rest_route=\/wp\/v2\/pages\/3176","targetHints":{"allow":["GET"]}}],"collection":[{"href":"https:\/\/www.coteauxdublanzacais.fr\/index.php?rest_route=\/wp\/v2\/pages"}],"about":[{"href":"https:\/\/www.coteauxdublanzacais.fr\/index.php?rest_route=\/wp\/v2\/types\/page"}],"author":[{"embeddable":true,"href":"https:\/\/www.coteauxdublanzacais.fr\/index.php?rest_route=\/wp\/v2\/users\/4"}],"replies":[{"embeddable":true,"href":"https:\/\/www.coteauxdublanzacais.fr\/index.php?rest_route=%2Fwp%2Fv2%2Fcomments&post=3176"}],"version-history":[{"count":6,"href":"https:\/\/www.coteauxdublanzacais.fr\/index.php?rest_route=\/wp\/v2\/pages\/3176\/revisions"}],"predecessor-version":[{"id":4609,"href":"https:\/\/www.coteauxdublanzacais.fr\/index.php?rest_route=\/wp\/v2\/pages\/3176\/revisions\/4609"}],"wp:attachment":[{"href":"https:\/\/www.coteauxdublanzacais.fr\/index.php?rest_route=%2Fwp%2Fv2%2Fmedia&parent=3176"}],"curies":[{"name":"wp","href":"https:\/\/api.w.org\/{rel}","templated":true}]}}

<h1 style="text-align: center;"><span style="font-family: Arial,Helvetica,sans-serif;"><img loading="lazy" decoding="async" class=" wp-image-3177 alignleft" src="http://www.coteauxdublanzacais.fr/wp-content/uploads/2017/09/laep.png" alt="" width="276" height="307"></span></h1>
<p>&nbsp;</p>
<p>&nbsp;</p>
<p><span style="font-family: Arial,Helvetica,sans-serif; font-size: 14pt;">Le LAEP itinérant ouvert en mai 2008 sur le territoire de la CDC s&rsquo;est agrandit avec un accueil mis en place depuis octobre 2016 à la Crèche « Câlin Malin » tous les lundis matins de 9h30 à 11h30.</span></p>
<p><span style="font-family: Arial,Helvetica,sans-serif; font-size: 14pt;">Ce service s’adresse aux parents et futurs parents, grands parents d’enfants de 0 à 6 ans, il est ouvert à tous, gratuit et anonyme.</span></p>
<p>&nbsp;</p>
<p><span style="font-family: Arial,Helvetica,sans-serif; font-size: 14pt;">Le LAEP est un espace de parole, d’échanges et de réassurance de la fonction parentale. Il fonctionne en dehors de toute visée thérapeutique. </span></p>
<p>&nbsp;</p>
<p><span style="font-family: Arial,Helvetica,sans-serif; font-size: 14pt;">Ses missions sont :</span><br />
<span style="font-family: Arial,Helvetica,sans-serif; font-size: 14pt;"> &#8211; Conforter la relation enfant-parent, l’ouvrir en lien social et préparer l’autonomie de l’enfant,</span><br />
<span style="font-family: Arial,Helvetica,sans-serif; font-size: 14pt;"> &#8211; Valoriser les compétences et l’épanouissement des enfants et des adultes,</span><br />
<span style="font-family: Arial,Helvetica,sans-serif; font-size: 14pt;"> &#8211; Rompre l’isolement social et développer la mixité sociale,</span><br />
<span style="font-family: Arial,Helvetica,sans-serif; font-size: 14pt;"> &#8211; Prévenir les difficultés relationnelles au sein de la famille.</span></p>

<p>&nbsp; &nbsp; Le LAEP itinérant ouvert en mai 2008 sur le territoire de la CDC s&rsquo;est agrandit avec un accueil mis en place depuis octobre 2016 à la Crèche « Câlin Malin » tous les lundis matins de 9h30 à</p>
