{"id":3180,"date":"2017-09-18T22:45:26","date_gmt":"2017-09-18T21:45:26","guid":{"rendered":"http:\/\/www.coteauxdublanzacais.fr\/?page_id=3180"},"modified":"2017-10-05T15:28:15","modified_gmt":"2017-10-05T14:28:15","slug":"sessad","status":"publish","type":"page","link":"https:\/\/www.coteauxdublanzacais.fr\/?page_id=3180","title":{"rendered":"SESSAD"},"content":{"rendered":"<h1><span style=\"font-family: Arial,Helvetica,sans-serif;\"><span style=\"font-size: 18pt;\">Le service d&rsquo;\u00e9ducation sp\u00e9cialis\u00e9e <strong>de Coteaux du Blanzacais<\/strong><\/span><\/span><\/h1>\n<p><span style=\"font-family: Arial,Helvetica,sans-serif; font-size: 14pt;\">Etre au plus pr\u00e8s des enfants en difficult\u00e9. C&rsquo;est la philosophie du Sessad, service d&rsquo;\u00e9ducation sp\u00e9cialis\u00e9e et de soins \u00e0 domicile, du Sud-Charente. Ce service rayonne sur son territoire d&rsquo;agr\u00e9ment qui comprend tout le Sud-Charente de Villebois \u00e0 Baignes et de Coteaux du Blanzacais \u00e0 Chalais.<\/span><\/p>\n<p><span style=\"font-family: Arial,Helvetica,sans-serif; font-size: 14pt;\">\u00c0 Coteaux du Blanzacais, il dispose des 200 m\u00e8tres carr\u00e9s de locaux fonctionnels, avec des espaces de confidentialit\u00e9 et des possibilit\u00e9s d&rsquo;y mener des ateliers.<\/span><\/p>\n<p><span style=\"font-family: Arial,Helvetica,sans-serif; font-size: 14pt;\">L&rsquo;\u00e9quipe de soutien est compos\u00e9e de quatre \u00e9ducatrices sp\u00e9cialis\u00e9es, d&rsquo;une psychologue et une psychomotricienne. Elles interviennent aupr\u00e8s d&rsquo;une vingtaine d&rsquo;enfants en difficult\u00e9 et souffrant de d\u00e9ficience intellectuelle l\u00e9g\u00e8re ou moyenne avec ou sans handicap associ\u00e9. Ce sont souvent les enseignants, parfois les parents qui ont rep\u00e9r\u00e9 ces troubles.<\/span><\/p>\n<p><img loading=\"lazy\" decoding=\"async\" class=\"size-medium wp-image-3181 alignright\" src=\"http:\/\/www.coteauxdublanzacais.fr\/wp-content\/uploads\/2017\/09\/sessad-300x188.jpg\" alt=\"\" width=\"300\" height=\"188\" srcset=\"https:\/\/www.coteauxdublanzacais.fr\/wp-content\/uploads\/2017\/09\/sessad-300x188.jpg 300w, https:\/\/www.coteauxdublanzacais.fr\/wp-content\/uploads\/2017\/09\/sessad-768x480.jpg 768w, https:\/\/www.coteauxdublanzacais.fr\/wp-content\/uploads\/2017\/09\/sessad-600x375.jpg 600w, https:\/\/www.coteauxdublanzacais.fr\/wp-content\/uploads\/2017\/09\/sessad.jpg 1000w\" sizes=\"auto, (max-width: 300px) 100vw, 300px\" \/><\/p>\n<p><span style=\"font-family: Arial,Helvetica,sans-serif; font-size: 14pt;\">Les professionnels du Sessad interviennent aupr\u00e8s de l&rsquo;enfant en deux temps. Le premier temps doit permettre de comprendre le probl\u00e8me, puis \u00e0 partir de cette \u00abimmersion\u00bb le service propose un protocole d&rsquo;accompagnement aux parents allant de 18 mois \u00e0 deux ans voir trois ans. L&rsquo;enfant peut \u00eatre accompagn\u00e9 en classe quelques heures par semaine, dans un club de sport, ou b\u00e9n\u00e9ficier de l&rsquo;aide de la psychomotricienne ou d&rsquo;orthophonistes conventionn\u00e9s. Un protocole d&rsquo;intervention qui se veut sur mesure.<\/span><\/p>\n","protected":false},"excerpt":{"rendered":"<p>Le service d&rsquo;\u00e9ducation sp\u00e9cialis\u00e9e de Coteaux du Blanzacais Etre au plus pr\u00e8s des enfants en difficult\u00e9. C&rsquo;est la philosophie du Sessad, service d&rsquo;\u00e9ducation sp\u00e9cialis\u00e9e et de soins \u00e0 domicile, du Sud-Charente. Ce service rayonne sur son territoire d&rsquo;agr\u00e9ment qui comprend<\/p>\n","protected":false},"author":4,"featured_media":0,"parent":0,"menu_order":0,"comment_status":"closed","ping_status":"closed","template":"","meta":{"ngg_post_thumbnail":0,"footnotes":""},"class_list":["post-3180","page","type-page","status-publish","hentry"],"_links":{"self":[{"href":"https:\/\/www.coteauxdublanzacais.fr\/index.php?rest_route=\/wp\/v2\/pages\/3180","targetHints":{"allow":["GET"]}}],"collection":[{"href":"https:\/\/www.coteauxdublanzacais.fr\/index.php?rest_route=\/wp\/v2\/pages"}],"about":[{"href":"https:\/\/www.coteauxdublanzacais.fr\/index.php?rest_route=\/wp\/v2\/types\/page"}],"author":[{"embeddable":true,"href":"https:\/\/www.coteauxdublanzacais.fr\/index.php?rest_route=\/wp\/v2\/users\/4"}],"replies":[{"embeddable":true,"href":"https:\/\/www.coteauxdublanzacais.fr\/index.php?rest_route=%2Fwp%2Fv2%2Fcomments&post=3180"}],"version-history":[{"count":5,"href":"https:\/\/www.coteauxdublanzacais.fr\/index.php?rest_route=\/wp\/v2\/pages\/3180\/revisions"}],"predecessor-version":[{"id":4562,"href":"https:\/\/www.coteauxdublanzacais.fr\/index.php?rest_route=\/wp\/v2\/pages\/3180\/revisions\/4562"}],"wp:attachment":[{"href":"https:\/\/www.coteauxdublanzacais.fr\/index.php?rest_route=%2Fwp%2Fv2%2Fmedia&parent=3180"}],"curies":[{"name":"wp","href":"https:\/\/api.w.org\/{rel}","templated":true}]}}

<h1><span style="font-family: Arial,Helvetica,sans-serif;"><span style="font-size: 18pt;">Le service d&rsquo;éducation spécialisée <strong>de Coteaux du Blanzacais</strong></span></span></h1>
<p><span style="font-family: Arial,Helvetica,sans-serif; font-size: 14pt;">Etre au plus près des enfants en difficulté. C&rsquo;est la philosophie du Sessad, service d&rsquo;éducation spécialisée et de soins à domicile, du Sud-Charente. Ce service rayonne sur son territoire d&rsquo;agrément qui comprend tout le Sud-Charente de Villebois à Baignes et de Coteaux du Blanzacais à Chalais.</span></p>
<p><span style="font-family: Arial,Helvetica,sans-serif; font-size: 14pt;">À Coteaux du Blanzacais, il dispose des 200 mètres carrés de locaux fonctionnels, avec des espaces de confidentialité et des possibilités d&rsquo;y mener des ateliers.</span></p>
<p><span style="font-family: Arial,Helvetica,sans-serif; font-size: 14pt;">L&rsquo;équipe de soutien est composée de quatre éducatrices spécialisées, d&rsquo;une psychologue et une psychomotricienne. Elles interviennent auprès d&rsquo;une vingtaine d&rsquo;enfants en difficulté et souffrant de déficience intellectuelle légère ou moyenne avec ou sans handicap associé. Ce sont souvent les enseignants, parfois les parents qui ont repéré ces troubles.</span></p>
<p><img loading="lazy" decoding="async" class="size-medium wp-image-3181 alignright" src="http://www.coteauxdublanzacais.fr/wp-content/uploads/2017/09/sessad-300x188.jpg" alt="" width="300" height="188" srcset="https://www.coteauxdublanzacais.fr/wp-content/uploads/2017/09/sessad-300x188.jpg 300w, https://www.coteauxdublanzacais.fr/wp-content/uploads/2017/09/sessad-768x480.jpg 768w, https://www.coteauxdublanzacais.fr/wp-content/uploads/2017/09/sessad-600x375.jpg 600w, https://www.coteauxdublanzacais.fr/wp-content/uploads/2017/09/sessad.jpg 1000w" sizes="auto, (max-width: 300px) 100vw, 300px" /></p>
<p><span style="font-family: Arial,Helvetica,sans-serif; font-size: 14pt;">Les professionnels du Sessad interviennent auprès de l&rsquo;enfant en deux temps. Le premier temps doit permettre de comprendre le problème, puis à partir de cette «immersion» le service propose un protocole d&rsquo;accompagnement aux parents allant de 18 mois à deux ans voir trois ans. L&rsquo;enfant peut être accompagné en classe quelques heures par semaine, dans un club de sport, ou bénéficier de l&rsquo;aide de la psychomotricienne ou d&rsquo;orthophonistes conventionnés. Un protocole d&rsquo;intervention qui se veut sur mesure.</span></p>

<p>Le service d&rsquo;éducation spécialisée de Coteaux du Blanzacais Etre au plus près des enfants en difficulté. C&rsquo;est la philosophie du Sessad, service d&rsquo;éducation spécialisée et de soins à domicile, du Sud-Charente. Ce service rayonne sur son territoire d&rsquo;agrément qui comprend</p>
