{"id":4017,"date":"2017-09-25T13:50:14","date_gmt":"2017-09-25T12:50:14","guid":{"rendered":"http:\/\/www.coteauxdublanzacais.fr\/?page_id=4017"},"modified":"2020-09-04T12:03:05","modified_gmt":"2020-09-04T11:03:05","slug":"les-inscriptions-scolaires","status":"publish","type":"page","link":"https:\/\/www.coteauxdublanzacais.fr\/?page_id=4017","title":{"rendered":"Les inscriptions scolaires"},"content":{"rendered":"<p><span style=\"font-family: Arial,Helvetica,sans-serif; font-size: 14pt;\">Pour faire une inscription de votre enfant \u00e0 l&rsquo;\u00e9cole maternelle ou \u00e9l\u00e9mentaire vous devez imp\u00e9rativement vous pr\u00e9senter au secr\u00e9tariat de la Mairie avec les pi\u00e8ces suivantes:<\/span><\/p>\n<p><span style=\"font-family: Arial,Helvetica,sans-serif; font-size: 14pt;\"><strong>Livret de famille ou acte de naissance de l&rsquo;enfant \u00e0 inscrire<\/strong><\/span><\/p>\n<p><span style=\"font-family: Arial,Helvetica,sans-serif; font-size: 14pt;\"><strong>Carnet de sant\u00e9 (ou certificat de vaccinations obligatoires)<\/strong><\/span><\/p>\n<p><span style=\"font-family: Arial,Helvetica,sans-serif; font-size: 14pt;\"><strong>Certificat de radiation lorsque l&rsquo;enfant a d\u00e9j\u00e0 \u00e9t\u00e9 scolaris\u00e9<\/strong><\/span><\/p>\n<p><span style=\"font-family: Arial,Helvetica,sans-serif; font-size: 14pt;\"><strong>Justificatif de domicile<\/strong><\/span><\/p>\n<p><span style=\"font-family: Arial,Helvetica,sans-serif; font-size: 14pt;\"><strong>Le cas \u00e9ch\u00e9ant: le jugement de divorce mentionnant l&rsquo;autorit\u00e9 parentale<\/strong><\/span><\/p>\n<p><a href=\"http:\/\/www.cdc4b.com\/Ecoles%20-%20Inscriptions\" target=\"_blank\" rel=\"noopener noreferrer\"><span style=\"font-family: Arial, Helvetica, sans-serif; font-size: 14pt;\">Dans le cas d&rsquo;une demande d&rsquo;inscription dans une \u00e9cole autre que celle de rattachement les documents n\u00e9cessaires vous seront remis afin d&rsquo;\u00e9tablir la demande de d\u00e9rogation<\/span><\/a><\/p>\n<p>&nbsp;<\/p>\n\n\n<p><\/p>\n","protected":false},"excerpt":{"rendered":"<p>Pour faire une inscription de votre enfant \u00e0 l&rsquo;\u00e9cole maternelle ou \u00e9l\u00e9mentaire vous devez imp\u00e9rativement vous pr\u00e9senter au secr\u00e9tariat de la Mairie avec les pi\u00e8ces suivantes: Livret de famille ou acte de naissance de l&rsquo;enfant \u00e0 inscrire Carnet de sant\u00e9<\/p>\n","protected":false},"author":4,"featured_media":0,"parent":0,"menu_order":0,"comment_status":"closed","ping_status":"closed","template":"","meta":{"ngg_post_thumbnail":0,"footnotes":""},"class_list":["post-4017","page","type-page","status-publish","hentry"],"_links":{"self":[{"href":"https:\/\/www.coteauxdublanzacais.fr\/index.php?rest_route=\/wp\/v2\/pages\/4017","targetHints":{"allow":["GET"]}}],"collection":[{"href":"https:\/\/www.coteauxdublanzacais.fr\/index.php?rest_route=\/wp\/v2\/pages"}],"about":[{"href":"https:\/\/www.coteauxdublanzacais.fr\/index.php?rest_route=\/wp\/v2\/types\/page"}],"author":[{"embeddable":true,"href":"https:\/\/www.coteauxdublanzacais.fr\/index.php?rest_route=\/wp\/v2\/users\/4"}],"replies":[{"embeddable":true,"href":"https:\/\/www.coteauxdublanzacais.fr\/index.php?rest_route=%2Fwp%2Fv2%2Fcomments&post=4017"}],"version-history":[{"count":5,"href":"https:\/\/www.coteauxdublanzacais.fr\/index.php?rest_route=\/wp\/v2\/pages\/4017\/revisions"}],"predecessor-version":[{"id":7793,"href":"https:\/\/www.coteauxdublanzacais.fr\/index.php?rest_route=\/wp\/v2\/pages\/4017\/revisions\/7793"}],"wp:attachment":[{"href":"https:\/\/www.coteauxdublanzacais.fr\/index.php?rest_route=%2Fwp%2Fv2%2Fmedia&parent=4017"}],"curies":[{"name":"wp","href":"https:\/\/api.w.org\/{rel}","templated":true}]}}