{"id":7795,"date":"2020-09-04T12:10:53","date_gmt":"2020-09-04T11:10:53","guid":{"rendered":"https:\/\/www.coteauxdublanzacais.fr\/?page_id=7795"},"modified":"2020-09-04T12:17:21","modified_gmt":"2020-09-04T11:17:21","slug":"leglise-paroissiale-saint-leger","status":"publish","type":"page","link":"https:\/\/www.coteauxdublanzacais.fr\/?page_id=7795","title":{"rendered":"L&rsquo;\u00e9glise paroissiale Saint-L\u00e9ger"},"content":{"rendered":"\n<p>L<span class=\"has-inline-color has-black-color\">&lsquo;<a href=\"https:\/\/fr.wikipedia.org\/wiki\/%C3%89glise_paroissiale\">\u00e9glise paroissiale<\/a>\u00a0Saint-L\u00e9ger occupe le centre du bourg. Sa cloche date de 1613 et porte l&rsquo;inscription\u00a0\u00ab\u00a0<small>IHS M.A.SANCTE LENGDARI ORA PRO NOBIS. AU MOIS DE MARS POUR S. LEGIER IE SUIS ESTE FAICTE. A.CAMUS 1613<\/small>\u00a0\u00bb. Elle est class\u00e9e\u00a0<a href=\"https:\/\/fr.wikipedia.org\/wiki\/Monument_historique_(France)\">monument historique<\/a>\u00a0au titre objet depuis 1944.<\/span><\/p>\n\n\n\n<p><span class=\"has-inline-color has-black-color\">La commune ne poss\u00e8de pas de monument aux morts, mais pour honorer la m\u00e9moire d&rsquo;un enfant de Saint-L\u00e9ger tomb\u00e9 pendant la Premi\u00e8re Guerre mondiale, Louis-Auguste Gauvrit, une plaque \u00e9maill\u00e9e a \u00e9t\u00e9 d\u00e9pos\u00e9e au pied de la&nbsp;<a href=\"https:\/\/fr.wikipedia.org\/wiki\/Croix_hosanni%C3%A8re\">croix hosanni\u00e8re<\/a>&nbsp;en&nbsp;juin 2004.<\/span><\/p>\n\n\n\n<div class=\"wp-block-image\"><figure class=\"alignleft size-large\"><img loading=\"lazy\" decoding=\"async\" width=\"240\" height=\"180\" src=\"https:\/\/www.coteauxdublanzacais.fr\/wp-content\/uploads\/2020\/09\/240px-Stleger16_eg3.jpg\" alt=\"\" class=\"wp-image-7799\"\/><\/figure><\/div>\n\n\n\n<div class=\"wp-block-image\"><figure class=\"alignleft size-large\"><img loading=\"lazy\" decoding=\"async\" width=\"240\" height=\"180\" src=\"https:\/\/www.coteauxdublanzacais.fr\/wp-content\/uploads\/2020\/09\/240px-Stleger16_eg2.jpg\" alt=\"\" class=\"wp-image-7798\"\/><\/figure><\/div>\n\n\n\n<div class=\"wp-block-image\"><figure class=\"alignleft size-large\"><img loading=\"lazy\" decoding=\"async\" width=\"240\" height=\"180\" src=\"https:\/\/www.coteauxdublanzacais.fr\/wp-content\/uploads\/2020\/09\/240px-StLeger4.jpg\" alt=\"\" class=\"wp-image-7796\"\/><\/figure><\/div>\n\n\n\n<p><\/p>\n","protected":false},"excerpt":{"rendered":"<p>L&lsquo;\u00e9glise paroissiale\u00a0Saint-L\u00e9ger occupe le centre du bourg. Sa cloche date de 1613 et porte l&rsquo;inscription\u00a0\u00ab\u00a0IHS M.A.SANCTE LENGDARI ORA PRO NOBIS. AU MOIS DE MARS POUR S. LEGIER IE SUIS ESTE FAICTE. A.CAMUS 1613\u00a0\u00bb. Elle est class\u00e9e\u00a0monument historique\u00a0au titre objet depuis<\/p>\n","protected":false},"author":4,"featured_media":0,"parent":0,"menu_order":0,"comment_status":"closed","ping_status":"closed","template":"","meta":{"ngg_post_thumbnail":0,"footnotes":""},"class_list":["post-7795","page","type-page","status-publish","hentry"],"_links":{"self":[{"href":"https:\/\/www.coteauxdublanzacais.fr\/index.php?rest_route=\/wp\/v2\/pages\/7795","targetHints":{"allow":["GET"]}}],"collection":[{"href":"https:\/\/www.coteauxdublanzacais.fr\/index.php?rest_route=\/wp\/v2\/pages"}],"about":[{"href":"https:\/\/www.coteauxdublanzacais.fr\/index.php?rest_route=\/wp\/v2\/types\/page"}],"author":[{"embeddable":true,"href":"https:\/\/www.coteauxdublanzacais.fr\/index.php?rest_route=\/wp\/v2\/users\/4"}],"replies":[{"embeddable":true,"href":"https:\/\/www.coteauxdublanzacais.fr\/index.php?rest_route=%2Fwp%2Fv2%2Fcomments&post=7795"}],"version-history":[{"count":7,"href":"https:\/\/www.coteauxdublanzacais.fr\/index.php?rest_route=\/wp\/v2\/pages\/7795\/revisions"}],"predecessor-version":[{"id":7807,"href":"https:\/\/www.coteauxdublanzacais.fr\/index.php?rest_route=\/wp\/v2\/pages\/7795\/revisions\/7807"}],"wp:attachment":[{"href":"https:\/\/www.coteauxdublanzacais.fr\/index.php?rest_route=%2Fwp%2Fv2%2Fmedia&parent=7795"}],"curies":[{"name":"wp","href":"https:\/\/api.w.org\/{rel}","templated":true}]}}

L&rsquo;église paroissiale Saint-Léger

<p>L<span class="has-inline-color has-black-color">&lsquo;<a href="https://fr.wikipedia.org/wiki/%C3%89glise_paroissiale">église paroissiale</a> Saint-Léger occupe le centre du bourg. Sa cloche date de 1613 et porte l&rsquo;inscription « <small>IHS M.A.SANCTE LENGDARI ORA PRO NOBIS. AU MOIS DE MARS POUR S. LEGIER IE SUIS ESTE FAICTE. A.CAMUS 1613</small> ». Elle est classée <a href="https://fr.wikipedia.org/wiki/Monument_historique_(France)">monument historique</a> au titre objet depuis 1944.</span></p>



<p><span class="has-inline-color has-black-color">La commune ne possède pas de monument aux morts, mais pour honorer la mémoire d&rsquo;un enfant de Saint-Léger tombé pendant la Première Guerre mondiale, Louis-Auguste Gauvrit, une plaque émaillée a été déposée au pied de la&nbsp;<a href="https://fr.wikipedia.org/wiki/Croix_hosanni%C3%A8re">croix hosannière</a>&nbsp;en&nbsp;juin 2004.</span></p>



<div class="wp-block-image"><figure class="alignleft size-large"><img loading="lazy" decoding="async" width="240" height="180" src="https://www.coteauxdublanzacais.fr/wp-content/uploads/2020/09/240px-Stleger16_eg3.jpg" alt="" class="wp-image-7799"/></figure></div>



<div class="wp-block-image"><figure class="alignleft size-large"><img loading="lazy" decoding="async" width="240" height="180" src="https://www.coteauxdublanzacais.fr/wp-content/uploads/2020/09/240px-Stleger16_eg2.jpg" alt="" class="wp-image-7798"/></figure></div>



<div class="wp-block-image"><figure class="alignleft size-large"><img loading="lazy" decoding="async" width="240" height="180" src="https://www.coteauxdublanzacais.fr/wp-content/uploads/2020/09/240px-StLeger4.jpg" alt="" class="wp-image-7796"/></figure></div>



<p></p>

<p>L&lsquo;église paroissiale Saint-Léger occupe le centre du bourg. Sa cloche date de 1613 et porte l&rsquo;inscription « IHS M.A.SANCTE LENGDARI ORA PRO NOBIS. AU MOIS DE MARS POUR S. LEGIER IE SUIS ESTE FAICTE. A.CAMUS 1613 ». Elle est classée monument historique au titre objet depuis</p>
