{"id":12660,"date":"2026-04-21T15:50:41","date_gmt":"2026-04-21T14:50:41","guid":{"rendered":"https:\/\/www.coteauxdublanzacais.fr\/?post_type=tribe_events&#038;p=12660"},"modified":"2026-04-21T15:50:41","modified_gmt":"2026-04-21T14:50:41","slug":"exposition-bd-planches-hieroglyphes-disabelle-dethan","status":"publish","type":"tribe_events","link":"https:\/\/www.coteauxdublanzacais.fr\/?tribe_events=exposition-bd-planches-hieroglyphes-disabelle-dethan","title":{"rendered":"Exposition BD \u00ab\u00a0Planches &#038; hi\u00e9roglyphes\u00a0\u00bb d\u2019Isabelle Dethan"},"content":{"rendered":"<ul>\n<li><strong><u>Du 23 mai au 13 juin<\/u><\/strong><\/li>\n<\/ul>\n<p><strong>Exposition BD \u00ab&nbsp;Planches &amp; hi\u00e9roglyphes&nbsp;\u00bb d\u2019Isabelle Dethan<\/strong><\/p>\n<p>Exposition en lien avec le Festival Cine-Bulles \u00e0 Coteaux-du-Blanzacais les 5 &amp; 6 juin.&nbsp;<\/p>\n<p>Voyage autour de l&rsquo;\u0153uvre foisonnante qu&rsquo;Isabelle Dethan, Mazan et Julien Maffre ont consacr\u00e9 \u00e0 l&rsquo;univers de l&rsquo;\u00c9gypte ancienne, ses tr\u00e9sors et sa civilisation<\/p>\n<p>Entr\u00e9e libre \/ tout public \/ gratuit<\/p>\n","protected":false},"excerpt":{"rendered":"<p>Du 23 mai au 13 juin Exposition BD \u00ab&nbsp;Planches &amp; hi\u00e9roglyphes&nbsp;\u00bb d\u2019Isabelle Dethan Exposition en lien avec le Festival Cine-Bulles \u00e0 Coteaux-du-Blanzacais les 5 &amp; 6 juin.&nbsp; Voyage autour de l&rsquo;\u0153uvre foisonnante qu&rsquo;Isabelle Dethan, Mazan et Julien Maffre ont consacr\u00e9<\/p>\n","protected":false},"author":4,"featured_media":12653,"template":"","meta":{"ngg_post_thumbnail":0,"_tribe_events_status":"","_tribe_events_status_reason":"","footnotes":""},"tags":[],"tribe_events_cat":[],"class_list":["post-12660","tribe_events","type-tribe_events","status-publish","has-post-thumbnail","hentry"],"_links":{"self":[{"href":"https:\/\/www.coteauxdublanzacais.fr\/index.php?rest_route=\/wp\/v2\/tribe_events\/12660","targetHints":{"allow":["GET"]}}],"collection":[{"href":"https:\/\/www.coteauxdublanzacais.fr\/index.php?rest_route=\/wp\/v2\/tribe_events"}],"about":[{"href":"https:\/\/www.coteauxdublanzacais.fr\/index.php?rest_route=\/wp\/v2\/types\/tribe_events"}],"author":[{"embeddable":true,"href":"https:\/\/www.coteauxdublanzacais.fr\/index.php?rest_route=\/wp\/v2\/users\/4"}],"version-history":[{"count":1,"href":"https:\/\/www.coteauxdublanzacais.fr\/index.php?rest_route=\/wp\/v2\/tribe_events\/12660\/revisions"}],"predecessor-version":[{"id":12661,"href":"https:\/\/www.coteauxdublanzacais.fr\/index.php?rest_route=\/wp\/v2\/tribe_events\/12660\/revisions\/12661"}],"wp:featuredmedia":[{"embeddable":true,"href":"https:\/\/www.coteauxdublanzacais.fr\/index.php?rest_route=\/wp\/v2\/media\/12653"}],"wp:attachment":[{"href":"https:\/\/www.coteauxdublanzacais.fr\/index.php?rest_route=%2Fwp%2Fv2%2Fmedia&parent=12660"}],"wp:term":[{"taxonomy":"post_tag","embeddable":true,"href":"https:\/\/www.coteauxdublanzacais.fr\/index.php?rest_route=%2Fwp%2Fv2%2Ftags&post=12660"},{"taxonomy":"tribe_events_cat","embeddable":true,"href":"https:\/\/www.coteauxdublanzacais.fr\/index.php?rest_route=%2Fwp%2Fv2%2Ftribe_events_cat&post=12660"}],"curies":[{"name":"wp","href":"https:\/\/api.w.org\/{rel}","templated":true}]}}

Exposition BD « Planches &#038; hiéroglyphes » d’Isabelle Dethan

<ul>
<li><strong><u>Du 23 mai au 13 juin</u></strong></li>
</ul>
<p><strong>Exposition BD «&nbsp;Planches &amp; hiéroglyphes&nbsp;» d’Isabelle Dethan</strong></p>
<p>Exposition en lien avec le Festival Cine-Bulles à Coteaux-du-Blanzacais les 5 &amp; 6 juin.&nbsp;</p>
<p>Voyage autour de l&rsquo;œuvre foisonnante qu&rsquo;Isabelle Dethan, Mazan et Julien Maffre ont consacré à l&rsquo;univers de l&rsquo;Égypte ancienne, ses trésors et sa civilisation</p>
<p>Entrée libre / tout public / gratuit</p>

<p>Du 23 mai au 13 juin Exposition BD «&nbsp;Planches &amp; hiéroglyphes&nbsp;» d’Isabelle Dethan Exposition en lien avec le Festival Cine-Bulles à Coteaux-du-Blanzacais les 5 &amp; 6 juin.&nbsp; Voyage autour de l&rsquo;œuvre foisonnante qu&rsquo;Isabelle Dethan, Mazan et Julien Maffre ont consacré</p>
